**2. What is the units digit of f(-6)?
1
Let v = -14 - 155. Let r = 279 + v. What is the units digit of r?
0
Let t = -187 + 949. What is the units digit of t?
2
Let l(z) = z**3 + 4*z**2 - 14*z + 5. Let s be l(-6). Suppose 11*o + 1086 = s*o. What is the tens digit of o?
8
Let x be -3 - ((2 - -1) + 59). What is the units digit of (-26)/x + 586/10?
9
Let j = 15 + -16. What is the tens digit of (0 - j)*(37 + 1)?
3
Suppose 2*x + 29 = x. Suppose -j = -5*j + 168. Let l = j + x. What is the units digit of l?
3
Suppose -3*y - 1676 = -5*k, 9*k - 1017 = 6*k - 2*y. What is the hundreds digit of k?
3
Suppose -14*l + 25 = -9*l, -28 = -2*o + 2*l. What is the tens digit of o?
1
Let u(l) = -l**2 + 7*l - 6. Let c be 5*(8/10 - 0). Let s be u(c). Suppose x + 55 = s*x. What is the units digit of x?
1
Let z be 3/(-12) + 138/8. Suppose 4*t - z = 3*w, 2*t - 5*t - 10 = w. Let h = -4 - w. What is the units digit of h?
3
Suppose 13*d - 1908 = 7*d. Suppose -3*w + 2*w = -4*g - 76, 4*w - 2*g - d = 0. What is the units digit of w?
0
Let q(f) = 3 - 6 + f + 4 + 2*f. Suppose -5*s + 1 + 4 = 0. What is the units digit of q(s)?
4
Suppose -h - 5*x = -340, 5*h - 1508 = 2*x + 84. What is the units digit of h?
0
Suppose 7*g - 9*g = -4. Let f(m) = -6*m + g*m - 2*m - 2 + 3*m. What is the units digit of f(-6)?
6
Let d be 2 - -296 - (-2 - 0). Suppose 5*n - 2*n = -d. What is the units digit of -2*1/(8/n)?
5
Suppose -g + 88 = -640. What is the units digit of g?
8
Suppose a + 1214 = 2*n + 195, -3*n = 2*a - 1532. What is the units digit of n?
0
Suppose 1761 = 5*p - 2*f - 1212, -4*p + 3*f + 2377 = 0. What is the hundreds digit of p?
5
Let t(i) = 154*i**2 - 5. What is the units digit of t(-2)?
1
Let x = -14 + 19. Suppose -x*r - 13 = 32. What is the units digit of (-3)/r*0 - -27?
7
Let q be (8/6)/(22/(-99)). What is the units digit of (-368)/q + 8/12?
2
Suppose -3*o = 4*p - 2*o + 456, -3*p - 342 = -o. Let y = p - -197. What is the units digit of y?
3
Suppose 3*n + i = 11, -4 - 4 = -4*i. Suppose -4*f + 5*p = 26, n*p + 43 = -5*f + 4*p. What is the tens digit of (-204)/f - 1/(-3)?
2
Suppose 13*v - 7994 - 3940 = 0. What is the hundreds digit of v?
9
Let f(u) = 2*u - 4. Let b be f(-3). Let q(r) = -r**2 - 16*r - 13. Let y be q(b). Suppose 2*s - 29 = y. What is the units digit of s?
8
Suppose -7*c = -1227 - 145. Suppose c = 3*x - 164. What is the units digit of x?
0
Let i be (2 - 60/33) + (-60)/(-33). Suppose -i*s + 107 = 21. What is the tens digit of s?
4
Suppose -3*c = -3*i + 5484, 5*c - 5492 = -i - 2*i. What is the thousands digit of i?
1
Let c(d) = -7*d + 22. What is the tens digit of c(-10)?
9
What is the thousands digit of (-3)/(((-12)/(-6096))/(18/(-8)))?
3
Let t be (-8)/(-12)*6 + -1. Suppose 107 = -t*l - 73. Let k = l + 141. What is the tens digit of k?
8
Suppose -4*k = z - 2, 0*k + z - 2 = -k. Suppose 38*v - 41*v + 84 = k. What is the tens digit of (v/(-2))/(17/(-68))?
5
Let g = 5711 - 1152. What is the hundreds digit of g?
5
Let o(n) = n**2 - 6*n + 2. Let c be o(4). Let f(g) = g**3 + 6*g**2 - 5*g + 12. What is the tens digit of f(c)?
4
Suppose -3*l + 205 = -2342. What is the hundreds digit of l?
8
Suppose m - 2 + 6 = 0. Suppose 6*n - 69 = -9. Let g = m + n. What is the units digit of g?
6
Let l = -134 + 3816. What is the units digit of l?
2
Suppose 0 = 78*d - 96*d + 54. What is the units digit of d?
3
Suppose 0 = -f - a - 3*a + 22, -5*f + 127 = 3*a. Suppose -2*g = -f + 6. What is the units digit of g?
0
Let c(u) = -u**2 + 11*u + 21. Let p be c(13). What is the units digit of (356/p + 2)/((-2)/5)?
3
Suppose 10 = 5*i, -5*j - 3*i + 2*i - 293 = 0. Let c = j + 116. What is the units digit of c?
7
Let b(y) = 8*y**2 + 16*y + 51. What is the hundreds digit of b(-9)?
5
Let u(a) = -a**3 + 10*a**2 - 13*a + 5. Let p be u(8). Suppose -3*d = -4*y + p + 30, -2*d = y - 23. What is the units digit of y?
7
Let q(r) be the third derivative of -r**6/60 - 2*r**5/15 + 5*r**4/24 + r**3 + 19*r**2. What is the units digit of q(-5)?
1
Suppose -2*k + 267 = -3*a, 3*a - 4*a = -2*k + 265. Suppose 2*r - k - 40 = 0. What is the units digit of r?
6
What is the hundreds digit of 2180/(-4)*(-602)/70?
6
What is the hundreds digit of 4462/8 + (11/(-4))/(-11)?
5
Let a = 921 - -2340. What is the hundreds digit of a?
2
Suppose -3*g - 2*g + 2585 = 0. What is the units digit of g?
7
Suppose -5130 = -16*y + 2038. What is the tens digit of y?
4
Suppose 0 = -4*y + 19 + 221. Let v = 17 + y. What is the tens digit of v?
7
Let f = -261 - -674. What is the hundreds digit of f?
4
Suppose -5*k + 4*i + 1111 = 0, 5*k - 3*i - 1347 = -235. Let c be 270/60*(-16)/(-18). Suppose g + 166 = -2*q + 5*q, -k = -c*q + g. What is the tens digit of q?
5
Let c(m) = 2*m + 14. Let r be c(-6). Suppose r*j + 2 - 172 = 0. What is the units digit of j?
5
Suppose 5*w - 3856 = -4*q + w, 4828 = 5*q - 3*w. What is the tens digit of q?
6
Let d be (-6)/4*(-1)/((-4)/(-24)). Let t(i) = -i**3 + 7*i**2 + 20*i - 8. What is the tens digit of t(d)?
1
Let m(v) = v**2 + 8*v. Suppose 1 = -2*k + 3*r, -4*k - 34 = -k + 2*r. Let d be m(k). Suppose 4*t = -d*t + 32. What is the units digit of t?
8
Let v be -1*(-168)/(2/1). Suppose 26 - 105 = -3*s + 4*o, 3*s - 3*o = v. What is the tens digit of s?
3
Let k = 249 + 985. What is the tens digit of k?
3
Let b(h) = h**3 - 2*h**2 - h - 2. Let q be b(3). Suppose -2*j = s, j = -q*j - 2*s. Let d(g) = -g + 22. What is the units digit of d(j)?
2
Let t(p) = -p**3 + 3*p**2 + 6*p - 4. Let j be t(4). Suppose -j*r + n - 84 = 5*n, -48 = 3*r - 2*n. Let s = -11 - r. What is the units digit of s?
7
Let j = 50 + -30. Suppose 3*b - j = -2. What is the tens digit of 2/b - (-2505)/45?
5
Suppose -3*a = -5*h - 4011, 5*h - 813 = -a + 524. What is the tens digit of a?
3
What is the tens digit of (8 - 1015/3)/((-3)/9)?
9
Let y(k) = -k**3 + 32*k**2 - 30*k + 52. What is the units digit of y(31)?
3
Suppose -3*l = -4*k + 7, k + 2*l - 4 = -5. Let b(m) = -2*m + 26. Let w be b(13). Suppose 5*q - 11 + k = w. What is the units digit of q?
2
Let p = -75 - -73. What is the units digit of 294/24*(-24)/p?
7
Let g = 352 + -182. Let m = 472 - g. What is the tens digit of m?
0
Let p(g) = g**2 + 9*g - 13. Let f be p(-10). What is the hundreds digit of ((-2)/f)/(-5 - (-4551)/909)?
1
Suppose -4*c + 24 = 2*f, 0 = 4*f + 2*c + 2*c - 32. What is the units digit of f?
4
Suppose 13*i - 2*i = -209. Let p(o) = -o**3 - 21*o**2 - 41*o - 18. What is the tens digit of p(i)?
3
Suppose 0 = -5*s - 4*c + 6242, 14*c + 6 = 11*c. What is the thousands digit of s?
1
Let m = -30 + 31. Let c(o) = 4*o + m + 30*o**2 - o - 2*o. What is the units digit of c(-1)?
0
Let z(j) = -9*j - 73. Let u(b) = 5*b + 37. Let i(x) = -13*u(x) - 6*z(x). What is the hundreds digit of i(-13)?
1
Let x(r) = r**2 - 3*r + 62. What is the units digit of x(21)?
0
Let h = 8066 - 2500. What is the units digit of h?
6
Suppose 17*m = 11*m + 10692. What is the thousands digit of m?
1
What is the units digit of (6/5)/(39/260)?
8
Suppose 0 = 3*q - 2*q + 2. Let m = q + 4. What is the units digit of ((-9)/(-18))/(m/32)?
8
Let b(n) be the second derivative of 19*n**3/6 + 18*n**2 - 24*n. What is the units digit of b(7)?
9
Let j(o) = 20*o - 192. What is the units digit of j(11)?
8
Let q(n) = n**3 - 7*n**2 + 2*n - 9. Let a be q(7). Suppose a*k + 2*l = 4, -2*k - 4*l - l = -10. Suppose 120 = 8*i - k*i. What is the tens digit of i?
1
Let y = 1175 + -446. What is the units digit of y?
9
Let r be ((-184)/(-24))/(2/6) + -2. Let k = r + -20. What is the units digit of k?
1
Let l be ((-20)/(-30))/((-1)/3). Let d = -27 - -41. What is the tens digit of (d/l)/((-4)/12)?
2
Let o = 1406 - 986. What is the units digit of o?
0
Let o = 307 - 251. What is the units digit of o?
6
Let y be 4/14 + 6/(-21). Let u = y - -3. What is the units digit of (24 - u/1) + -3?
8
Let w(n) = -n**2 + 3. Let c be w(0). Let j(x) = 3*x**2 - 4*x + 4. Let r be j(c). Let s = -10 + r. What is the units digit of s?
9
Let l = -3563 - -5326. What is the hundreds digit of l?
7
Let h = -120 + 246. Suppose -3*v + h = -141. What is the units digit of v?
9
Let o = -53 + 109. Suppose 0 = -4*g + 3*k - k + o, -4*g + 4*k + 52 = 0. What is the tens digit of g?
1
Suppose 0 = 9*n - 7 + 70. Let s(i) = -4*i**2 + 10*i + 19. Let l(v) = 5*v**2 - 10*v - 20. Let c(g) = 6*l(g) + 7*s(g). What is the units d